?
-47329831
In base 12, what is 40 + 1653283?
1653303
In base 4, what is -20020 - -213001?
132321
In base 15, what is -76b8ad9 - -1?
-76b8ad8
In base 4, what is -1022111 - 203301202?
-210323313
In base 9, what is 23 - 22485?
-22462
In base 12, what is -56345 + -239?
-56582
In base 5, what is 224242 - -1012420?
1242212
In base 6, what is -100103554 + -54?
-100104052
In base 7, what is 1645 - -6432112?
6434060
In base 11, what is 729 + -81393?
-80765
In base 10, what is 17750 - -474?
18224
In base 3, what is -12 - 12010210122122?
-12010210122211
In base 7, what is -12333051 - -2?
-12333046
In base 16, what is 1 + ec2d09?
ec2d0a
In base 7, what is -240 - -4204264?
4204024
In base 3, what is -20100220111 - -121002?
-20100022102
In base 10, what is -13575699 - 2?
-13575701
In base 8, what is 1 - 103131122?
-103131121
In base 14, what is -3 - 204a891?
-204a894
In base 16, what is -87509 + 2?
-87507
In base 15, what is -1238 + -645?
-187d
In base 5, what is 3122440 - -11?
3123001
In base 11, what is 2a20 - -22275?
25195
In base 11, what is -84a9033 - -46?
-84a8a98
In base 2, what is -100010110110010 - -11011000101?
-11111011101101
In base 15, what is e5b9 - -58?
e622
In base 16, what is 439 + -4100?
-3cc7
In base 13, what is 66c - -4c861?
50200
In base 11, what is 709554 - -4?
709558
In base 12, what is -657593 - -32?
-657561
In base 16, what is -9fd - -112?
-8eb
In base 11, what is -28026258 - -4?
-28026254
In base 2, what is -10110111011010111011011 - -11?
-10110111011010111011000
In base 15, what is -528b - 39a?
-5636
In base 10, what is -4 - -153616140?
153616136
In base 7, what is -364336324 + 0?
-364336324
In base 2, what is 10011000 - -1100010011001000101010?
1100010011001011000010
In base 11, what is -9a668 + -aa?
-9a767
In base 16, what is -127c - -407?
-e75
In base 6, what is 3425 + -22104440?
-22101011
In base 12, what is -232a492 - -12?
-232a480
In base 4, what is -100 + -10121323112?
-10121323212
In base 6, what is -51 - 15023340?
-15023431
In base 4, what is -33231011331321 + -13?
-33231011332000
In base 13, what is 116 - -a13?
b29
In base 5, what is 11302202134 + 11?
11302202200
In base 3, what is 2101 + -11110202121100?
-11110202111222
In base 6, what is -3513122353 - 3?
-3513122400
In base 4, what is -12233022313 + 30?
-12233022223
In base 4, what is -202303122322 + 30?
-202303122232
In base 15, what is b567de5 - -2?
b567de7
In base 3, what is -1202 - -122010000011?
122002221102
In base 11, what is -905 + 2778?
1973
In base 5, what is 3120304211 + 0?
3120304211
In base 10, what is 3880 + -3926?
-46
In base 5, what is -103040121 + 104?
-103040012
In base 3, what is -1 - -10202100112222201?
10202100112222200
In base 11, what is -320636 - 190?
-320816
In base 11, what is 1113871 + -7?
1113865
In base 10, what is 110000 - -2789?
112789
In base 7, what is 10330 - -65462?
106122
In base 14, what is 3268 + -688?
29c0
In base 3, what is -100020 - -120111122?
120011102
In base 12, what is -1105 - -8a7?
-41a
In base 6, what is -14340440 - 1234?
-14342114
In base 3, what is 10121100110 + -202?
10121022201
In base 8, what is 3 + -4333765?
-4333762
In base 14, what is 5698 + ab?
5765
In base 15, what is a3e4e6 - 2?
a3e4e4
In base 8, what is -53 - 621376?
-621451
In base 10, what is 8130 - 3808?
4322
In base 5, what is 2401243043 - 34?
2401243004
In base 9, what is -25 + -677515?
-677541
In base 14, what is 297b - 40bb?
-1540
In base 15, what is -5d070 - 0?
-5d070
In base 15, what is -7584 + -110?
-7694
In base 7, what is 4210303 + 53?
4210356
In base 14, what is -b25 - -705?
-420
In base 8, what is -2463056146 - 0?
-2463056146
In base 11, what is 182278 - -9a?
182367
In base 6, what is -34304214 - -1031?
-34303143
In base 5, what is -121132 - 141340?
-313022
In base 15, what is 384c9 - 25a?
3826e
In base 10, what is 8030002 + 5?
8030007
In base 10, what is 9 + -8005866?
-8005857
In base 12, what is -91 - -38226?
38155
In base 3, what is -220 + 100222222112?
100222221122
In base 2, what is -10110110101011100 + 10010101?
-10110110011000111
In base 12, what is 1471 - -61926?
63197
In base 11, what is 9aa90 + 17a?
a015a
In base 2, what is -10110 - 10100110001110100?
-10100110010001010
In base 4, what is 10020232 + -2323?
10011303
In base 10, what is -113410336 - -4?
-113410332
In base 12, what is 7788078 + -4?
7788074
In base 11, what is 67a64 + 29?
67a92
In base 7, what is -14 - 33221310?
-33221324
In base 4, what is 3321022011 - -203?
3321022220
In base 10, what is -246900 - 26?
-246926
In base 14, what is 111573a - 1?
1115739
In base 16, what is -1 + -13f2329?
-13f232a
In base 14, what is b6dd + -466?
b277
In base 11, what is -58 - -6699a3?
669946
In base 6, what is -22345245022 - 4?
-22345245030
In base 4, what is 10 + 13101011311?
13101011321
In base 12, what is -352b15 - 20?
-352b35
In base 7, what is 120465 + 10140?
130635
In base 12, what is -3417372 - 5?
-3417377
In base 7, what is -15344244 - -31?
-15344213
In base 10, what is 5 + -50321798?
-50321793
In base 16, what is 0 + 320a52?
320a52
In base 12, what is -11850b50b + 1?
-11850b50a
In base 14, what is 30a7db0 - -1?
30a7db1
In base 2, what is 10101 - -110001010101010101111101?
110001010101010110010010
In base 9, what is -76715555 + 3?
-76715552
In base 2, what is 1000000111010001000000 - 1100?
1000000111010000110100
In base 16, what is f534 + -6c?
f4c8
In base 14, what is -a - 142d0a?
-142d16
In base 16, what is -1e94 + -864?
-26f8
In base 4, what is -333 + -1131320?
-1132313
In base 12, what is 4 - -1ba15a7?
1ba15ab
In base 12, what is -aaa6 + 1b2?
-a8b4
In base 2, what is 1110111110000000000 + -11000100100?
1110111010111011100
In base 5, what is -21442201 + 1034?
-21441112
In base 12, what is 3533 + 12814?
16147
In base 16, what is -6 + -5707e?
-57084
In base 10, what is -4 + 128549776?
128549772
In base 6, what is 1043142 + 1355?
1044541
In base 12, what is 3483 - 49437?
-45b74
In base 14, what is -5d + 1051?
dd2
In base 11, what is -110 - 283018?
-283128
In base 6, what is 15 - -201301324?
201301343
In base 6, what is -54301 + 232150?
133445
In base 15, what is -104 + -10bc?
-11c1
In base 3, what is 0 - -121010111120222?
121010111120222
In base 7, what is -22343133 - -4?
-22343126
In base 13, what is -1216 + 667a?
5464
In base 5, what is -22 + 33043323?
33043301
In base 6, what is -4 + 10500155435?
10500155431
In base 13, what is -804339ac - 5?
-804339b4
In base 14, what is adc1 + -1d?
ada2
In base 7, what is 262 - 6144245?
-6143653
In base 11, what is -1230 + -1142?
-2372
In base 11, what is -2a4 + 9711?
9418
In base 9, what is -10 - 17870303?
-17870313
In base 14, what is 12a7b6a9 - 4?
12a7b6a5
In base 13, what is -890813 + 3?
-890810
In base 3, what is 12022 + -222112001?
-222022202
In base 13, what is -171 - -9ca?
859
In base 4, what is 2320102011 - 231?
2320101120
In base 5, what is 130110 - -200002?
330112
In base 15, what is -1993 + -3571?
-5014
In base 5, what is -12322132011 + 2?
-12322132004
In base 3, what is 12 - 20110202120200?
-20110202120111
In base 12, what is -10130b04 + -2?
-10130b06
In base 7, what is -56523 + -1220?
-61043
In base 15, what is 2 + -462c7cc?
-462c7ca
In base 8, what is -202701 - -150?
-202531
In base 15, what is -3 + -1152ed3d?
-1152ed41
In base 14, what is 113 + 726?
839
In base 2, what is -1010001110110 + 11101010000?
-110100100110
In base 11, what is 1742 + 5745?
7387
In base 14, what is -361 + 1b5159?
1b4bd8
In base 4, what is 332 - -113321133?
113322131
In base 5, what is 0 + 212024131?
212024131
In base 14, what is 148 - 8242?
-80d8
In base 16, what is -2 - -c58a9f3?
c58a9f1
In base 10, what is 134 - -3716617?
3716751
In base 3, what is 1020122010000101 - -1?
1020122010000102
In base 11, what is 35670 - -6a1?
36261
In base 16, what is 28d7 - -142a?
3d01
In base 14, what is -311 + -167c7?
-16ad8
In base 9, what is -125 - 30231?
-30356
In base 11, what is 4721aa1 - -5?
4721aa6
In base 13, what is 60 - 1b7ca?
-1b76a
In base 12, what is 16a351 + 123b?
16b590
In base 15, what is 43a27 - 10c6?
42951
In base 9, what is -257 + -728621?
-728878
In base 15, what is 9bccde - 1?
9bccdd
In base 6, what is -1503 + -10005530?
-10011433
In base 15, what is -19 - -1074?
105a
In base 9, what is -5 + 46024350?
46024344
In base 2, what is -11100101 + 1001110